 - 121*i + 648. List the prime factors of b(6).
2, 3, 5, 1801
Let h(g) = 445*g + 37. Let l be h(3). Let u = 36 + l. List the prime factors of u.
2, 11
Let i be (63/42)/((-3)/6). Let b(s) = -28*s + 245. What are the prime factors of b(i)?
7, 47
Let s(h) be the first derivative of -h - 2/3*h**3 + 17/2*h**2 + 16. List the prime factors of s(7).
2, 5
Let j = 26 + -36. Let k(i) be the second derivative of -5*i**3/3 - 9*i**2/2 + 79*i. What are the prime factors of k(j)?
7, 13
Let y be 0/3 - (2 - 3). Suppose -3*c = -0*c - 2*x + 19, -16 = 2*c + 2*x. What are the prime factors of -2 - c - y - -124?
2
Let g(k) be the first derivative of -8*k**2 - 107*k - 232. List the prime factors of g(-49).
677
Let u(x) = 2*x - 17. Let k be u(5). Let n be 4/8 - k/2. Suppose 0 = -n*a - 12, -142 = -2*p + p - 4*a. List the prime factors of p.
2, 7, 11
Suppose -4*g - b + 50570 = g, 3*g + 3*b = 30342. List the prime factors of g.
2, 13, 389
Let j be (-6)/(-8) + (-130)/(-40). Let m(a) = -a**2 + 4*a + 2. Let l be m(j). Suppose -f = 3*f, l*f = 2*t - 166. What are the prime factors of t?
83
Let r be ((-228)/(-10))/6 - 3/(-15). Suppose 3*n - 4*o + 4 = o, -r*n + 38 = 2*o. Suppose k - n*k + 492 = 0. What are the prime factors of k?
2, 41
Let l = 37 - -17. Let f = 566 + l. List the prime factors of f.
2, 5, 31
Let p = -4590 - -1890. Let a(q) = -q**3 - 10*q**2 + 8*q - 59. Let r be a(-11). List the prime factors of p/r - (0 - (-12)/(-78)).
2, 13
Let a(q) be the third derivative of 11*q**4/24 - 7*q**3/6 - 18*q**2. Let h be a(-8). List the prime factors of (-19)/h - 1*(-908)/10.
7, 13
Suppose -4*x + 62227 + 34917 = 0. List the prime factors of x.
2, 12143
Let x(h) = 4 + 5*h**2 - h + 3 + 4*h**3 - h**2. Let j be x(4). Suppose -5*n + 17 = -j. List the prime factors of n.
2, 17
Suppose 5*c = -61 + 56. List the prime factors of ((-1049)/c)/(16 + -15).
1049
Let n(l) = 29*l - 141. Let o be n(5). Suppose 1733 = 3*z - o*s, 5*z + 6*s = 4*s + 2871. List the prime factors of z.
5, 23
Let v = -15 - -15. Suppose 5*h + 0 - 30 = v. Let i(s) = 2*s**2 + 2*s - 25. What are the prime factors of i(h)?
59
List the prime factors of (-576653)/(-88) + (13/8)/13.
6553
Suppose 2805 + 530 = -29*r. List the prime factors of -13 + r/(-9) - 688/(-18).
2, 19
Let k(n) = -3*n**2 + 46*n - 32. Let w be k(15). Let p(q) be the second derivative of q**4/6 + 7*q**3/2 - 23*q**2 - q. List the prime factors of p(w).
5, 7
Let n(c) = -467*c**3 - 24*c**2 + 3*c - 16. List the prime factors of n(-4).
2, 7369
Suppose c - 2*l = 7, 11 - 21 = 5*l. Suppose -752 = -2*j - 4*p, -5*j - p + 2609 = 684. Suppose -c*r - 146 = -j. List the prime factors of r.
2, 5
Suppose 0 = 9*q - 11*q - 3*y + 59105, -2*y + 59110 = 2*q. List the prime factors of q.
2, 5, 739
Let y be (50/30)/(698/(-354) + 2). Let p(g) = 7*g**3 - g + 1. Let w be p(-2). Let o = y + w. List the prime factors of o.
2, 3
Suppose 2*b - 3*q = 2624 + 2383, 0 = 4*b - 2*q - 10002. Suppose -b = -k - 6*k. What are the prime factors of k?
3, 7, 17
Suppose -9168 = -5*a - 3*a. Suppose a = 5*i + 341. What are the prime factors of i?
7, 23
Let m(f) = 2*f**3 + 2*f**2 - 5*f + 7. Let i be m(-4). Let u = 381 - i. Let j = u + -270. List the prime factors of j.
2, 3, 5
Suppose 0 = 49*q - 192610 - 144968 + 36473. List the prime factors of q.
5, 1229
Let m(d) = 14*d - 545. Let u be m(34). Suppose 2*w - 4*w = 130. Let p = w - u. What are the prime factors of p?
2
Let o = 16 - 31. Let h(g) = g**3 + 16*g**2 + 3*g + 67. List the prime factors of h(o).
13, 19
Let z(y) = y**2 - 13. Let q be z(-4). Suppose q*p - 11 = -2. Let c(d) = 7*d**2 - 2*d - 1. What are the prime factors of c(p)?
2, 7
Let r(u) = -u**3 - 8*u**2 + 11*u + 15. Let g(n) = 8*n**2 - 12*n - 14. Let q(h) = -4*g(h) - 3*r(h). List the prime factors of q(7).
3, 251
Suppose -7*i = -4*i + 2*h - 19, 3*i - 3*h = -6. Suppose 3*m = -i*s + 2424, s + 4*m - 188 = 617. List the prime factors of s.
809
Suppose -s + 1 + 12 = -2*g, -2*g = s + 3. Suppose -5*f + 3889 = -0*f - w, 3*f = -s*w + 2339. List the prime factors of f.
2, 389
Suppose 192*w = 14*w + 8141008. What are the prime factors of w?
2, 5717
Suppose 4*s = 4*j + 6416, 0*s + 3*j - 3203 = -2*s. List the prime factors of s.
7, 229
What are the prime factors of -3 - -8918 - (-3 - -7)?
7, 19, 67
Suppose 0 = -3*b - 0*b - 3*i + 1623, -1598 = -3*b + 2*i. Let l be 0/(-1) - (17 + -21). Suppose -5*p = l*q + 109 - b, 2*q = p - 91. List the prime factors of p.
3, 29
Suppose -33*c - 13*c + 739749 = 33005. What are the prime factors of c?
2, 23, 167
Let j be -6*(3 + (-55)/15). Suppose j*z + 5*p = 7*z - 14, 0 = 2*p + 2. Suppose -z*f + 5*q = -730, -280 = -3*f - q + 456. What are the prime factors of f?
5, 7
Let j(k) be the third derivative of k**5/20 - 3*k**3 + 35*k**2 + 2. Let a be (12/(-10))/((-3)/(-20)). What are the prime factors of j(a)?
2, 3, 29
Let k(s) = -4 + s**2 + 3 + 0 - 3*s + 0. Let z be k(4). Suppose -z*n + 188 + 91 = 0. List the prime factors of n.
3, 31
Suppose 1730837 = 136*b - 1597083. List the prime factors of b.
2, 5, 2447
What are the prime factors of 1438115/105 + ((-4)/18)/((-22)/(-33))?
2, 107
Let c(m) = -40*m**3 + 8*m**2 + 34*m + 44. What are the prime factors of c(-6)?
2, 137
Suppose 0 = -7*h + 30 - 16. Suppose 231 + 209 = g + h*o, -o = 3*g - 1305. List the prime factors of g.
2, 7, 31
Suppose 0 = 135*y - 32*y - 316725. List the prime factors of y.
3, 5, 41
Let p(u) = 4*u**2 - 13*u - 1035. List the prime factors of p(-79).
2, 17, 367
Suppose -16*h = -271 + 31. Let f(q) = q**3 - 4*q**2 - 60*q - 2. List the prime factors of f(h).
11, 13
Suppose b + 0*b + 23 = s, -2*s + 37 = b. Let u(r) = -r**3 + 22*r**2 - 10*r + 69. List the prime factors of u(s).
3, 223
Suppose -4*m = 20, -5*m + 5 = 2*n - 4*n. What are the prime factors of 8/12 - (6 - (-15065)/n)?
3, 37
Suppose -2*s + 2*x - 7*x + 10223 = 0, 3*s - 3*x - 15345 = 0. What are the prime factors of s?
2, 2557
Let o(a) = 5*a**3 - 15*a**2 - 6*a + 4. Let p be o(-6). List the prime factors of 27/(-2)*p/30.
3, 79
Let a(w) = 45383*w - 553. List the prime factors of a(1).
2, 5, 4483
Let w(c) = c**2 - c - 1. Let s(n) = -n**3 + 4*n**2 - 10*n + 16. Suppose -17 = -5*a - 12. Let f(t) = a*s(t) + 5*w(t). What are the prime factors of f(5)?
2, 3
Let g(o) = -2*o**3 + 25*o**2 + 15*o - 28. Suppose 10*a - 36 = 7*a. What are the prime factors of g(a)?
2, 37
What are the prime factors of 7/(-2)*(-261324)/147?
2, 3, 17, 61
Suppose 3*o + 5*r - 21 = 0, -3*o + 2*o + 2*r - 4 = 0. Suppose 3*k + 651 = 3*t - 0*k, -o*t - 2*k = -430. Suppose 624 = 6*s - t. List the prime factors of s.
2, 5, 7
Suppose -55227 - 91793 = -13*w + 28454. List the prime factors of w.
2, 17, 397
Suppose -29*s - 12 = -32*s. Suppose 8*m - 2*m - 5010 = 0. Suppose -5*c - 3*u = -10*c + m, -s*c - 2*u + 646 = 0. List the prime factors of c.
2, 41
Let g = 336 - 161. Suppose g = 5*x - z, 0 = -4*x - 5*z + 13 + 127. List the prime factors of 166 + x/5 + -5.
2, 3, 7
Let i(x) = x**3 + 17*x**2 + 45*x + 49. Let z be i(-14). Suppose 8*l - z*l - 3*g = 968, 2*l - 5*g = 1941. What are the prime factors of l?
983
Suppose 5*w + 46 = 271. Suppose -43*s = -w*s + 1238. What are the prime factors of s?
619
Let a be (1 + 0)/(-1)*(13 - 9). Let o(m) = -m + 1. Let q be o(a). Suppose 0 = -y - w + 82, y + q*w = 36 + 30. List the prime factors of y.
2, 43
Let u = 8439 - 2675. What are the prime factors of u?
2, 11, 131
Let v(h) = -h**3 - 14*h**2 + 24*h - 9. Let q be v(-18). Let a = 1432 - q. List the prime factors of a.
577
Suppose 4*g - 14882 + 79434 = 5*j, 4*j = 4*g + 51640. List the prime factors of j.
2, 3, 269
Let a = -21 + -14. Suppose 3*t + 704 = -2*w, -646 - 410 = 3*w - t. List the prime factors of 14/a + w/(-5).
2, 5, 7
Let o(j) = 5*j**2 + j**3 - 10 - 17*j**2 + 15*j - 8*j + j. Let g(n) = -n**2 + 12. Let y be g(0). List the prime factors of o(y).
2, 43
Suppose -12914 = -f + 5*k, 4*k - 25856 = -24*f + 22*f. What are the prime factors of f?
2, 3, 359
Let o = 6184 - 1726. List the prime factors of o.
2, 3, 743
Let q = -12 - -11. Let v(w) = -13*w**3 - 1. Let m be v(q). Suppose -11*t + m = -7*t. What are the prime factors of t?
3
Let d be -1 + 1915 + 85/(-17). Suppose -x - 473 = -5*q + d, -3*q + 1436 = -4*x. List the prime factors of q.
2, 7, 17
Let o = 10421 - 3950. Suppose 0 = 306*u - 297*u - o. What are the prime factors of u?